{"id":8797,"date":"2019-04-18T20:06:57","date_gmt":"2019-04-18T17:06:57","guid":{"rendered":"http:\/\/auseklitis.eu\/?page_id=8797"},"modified":"2025-03-21T13:08:32","modified_gmt":"2025-03-21T10:08:32","slug":"kartiba-kada-izglitibas-iestade-uzturas-izglitojamo-vecaki-un-citas-personas","status":"publish","type":"page","link":"https:\/\/auseklitis.eu\/?page_id=8797","title":{"rendered":"K\u0101rt\u012bba, k\u0101d\u0101 izgl\u012bt\u012bbas iest\u0101d\u0113 uzturas izgl\u012btojamo vec\u0101ki un citas personas"},"content":{"rendered":"\n<div data-wp-interactive=\"core\/file\" class=\"wp-block-file\"><object data-wp-bind--hidden=\"!state.hasPdfPreview\" hidden class=\"wp-block-file__embed\" data=\"https:\/\/auseklitis.eu\/wp-content\/uploads\/2025\/03\/Kartiba_kada_izglitibas_iestade_uzturas_izglitojamo_vecaki_un_citas_personas.pdf\" type=\"application\/pdf\" style=\"width:100%;height:600px\" aria-label=\"Iegult Kartiba_kada_izglitibas_iestade_uzturas_izglitojamo_vecaki_un_citas_personas.\"><\/object><a id=\"wp-block-file--media-8798a41d-87e8-44ba-988e-189c72bece01\" href=\"https:\/\/auseklitis.eu\/wp-content\/uploads\/2025\/03\/Kartiba_kada_izglitibas_iestade_uzturas_izglitojamo_vecaki_un_citas_personas.pdf\">Kartiba_kada_izglitibas_iestade_uzturas_izglitojamo_vecaki_un_citas_personas<\/a><a href=\"https:\/\/auseklitis.eu\/wp-content\/uploads\/2025\/03\/Kartiba_kada_izglitibas_iestade_uzturas_izglitojamo_vecaki_un_citas_personas.pdf\" class=\"wp-block-file__button wp-element-button\" download aria-describedby=\"wp-block-file--media-8798a41d-87e8-44ba-988e-189c72bece01\">Lejupiel\u0101d\u0113t<\/a><\/div>\n","protected":false},"excerpt":{"rendered":"","protected":false},"author":1,"featured_media":0,"parent":0,"menu_order":0,"comment_status":"closed","ping_status":"closed","template":"","meta":{"footnotes":""},"class_list":["post-8797","page","type-page","status-publish","hentry"],"_links":{"self":[{"href":"https:\/\/auseklitis.eu\/index.php?rest_route=\/wp\/v2\/pages\/8797","targetHints":{"allow":["GET"]}}],"collection":[{"href":"https:\/\/auseklitis.eu\/index.php?rest_route=\/wp\/v2\/pages"}],"about":[{"href":"https:\/\/auseklitis.eu\/index.php?rest_route=\/wp\/v2\/types\/page"}],"author":[{"embeddable":true,"href":"https:\/\/auseklitis.eu\/index.php?rest_route=\/wp\/v2\/users\/1"}],"replies":[{"embeddable":true,"href":"https:\/\/auseklitis.eu\/index.php?rest_route=%2Fwp%2Fv2%2Fcomments&post=8797"}],"version-history":[{"count":4,"href":"https:\/\/auseklitis.eu\/index.php?rest_route=\/wp\/v2\/pages\/8797\/revisions"}],"predecessor-version":[{"id":11652,"href":"https:\/\/auseklitis.eu\/index.php?rest_route=\/wp\/v2\/pages\/8797\/revisions\/11652"}],"wp:attachment":[{"href":"https:\/\/auseklitis.eu\/index.php?rest_route=%2Fwp%2Fv2%2Fmedia&parent=8797"}],"curies":[{"name":"wp","href":"https:\/\/api.w.org\/{rel}","templated":true}]}}