{"id":8782,"date":"2019-04-18T19:37:45","date_gmt":"2019-04-18T16:37:45","guid":{"rendered":"http:\/\/auseklitis.eu\/?page_id=8782"},"modified":"2025-04-17T13:14:54","modified_gmt":"2025-04-17T10:14:54","slug":"kartiba-kada-registre-izglitojamo-neierasanos-izglitibas-iestade","status":"publish","type":"page","link":"https:\/\/auseklitis.eu\/?page_id=8782","title":{"rendered":"K\u0101rt\u012bba, k\u0101d\u0101 re\u0123istr\u0113 izgl\u012btojamo neiera\u0161anos izgl\u012bt\u012bbas iest\u0101d\u0113"},"content":{"rendered":"\n<div data-wp-interactive=\"core\/file\" class=\"wp-block-file\"><object data-wp-bind--hidden=\"!state.hasPdfPreview\" hidden class=\"wp-block-file__embed\" data=\"https:\/\/auseklitis.eu\/wp-content\/uploads\/2025\/04\/Kartiba_kada_registre_-izglitojamo_neierasanos_izglitibas_iestade.pdf\" type=\"application\/pdf\" style=\"width:100%;height:600px\" aria-label=\"Iegult Kart\u012bba_k\u0101da_re\u0123istre_ izglitojamo_neierasanos_izglitibas_iestade.\"><\/object><a id=\"wp-block-file--media-0a25946d-b0a9-4fc9-b652-f4fab4d876bb\" href=\"https:\/\/auseklitis.eu\/wp-content\/uploads\/2025\/04\/Kartiba_kada_registre_-izglitojamo_neierasanos_izglitibas_iestade.pdf\">Kart\u012bba_k\u0101da_re\u0123istre_ izglitojamo_neierasanos_izglitibas_iestade<\/a><a href=\"https:\/\/auseklitis.eu\/wp-content\/uploads\/2025\/04\/Kartiba_kada_registre_-izglitojamo_neierasanos_izglitibas_iestade.pdf\" class=\"wp-block-file__button wp-element-button\" download aria-describedby=\"wp-block-file--media-0a25946d-b0a9-4fc9-b652-f4fab4d876bb\">Lejupiel\u0101d\u0113t<\/a><\/div>\n","protected":false},"excerpt":{"rendered":"","protected":false},"author":1,"featured_media":0,"parent":0,"menu_order":0,"comment_status":"closed","ping_status":"closed","template":"","meta":{"footnotes":""},"class_list":["post-8782","page","type-page","status-publish","hentry"],"_links":{"self":[{"href":"https:\/\/auseklitis.eu\/index.php?rest_route=\/wp\/v2\/pages\/8782","targetHints":{"allow":["GET"]}}],"collection":[{"href":"https:\/\/auseklitis.eu\/index.php?rest_route=\/wp\/v2\/pages"}],"about":[{"href":"https:\/\/auseklitis.eu\/index.php?rest_route=\/wp\/v2\/types\/page"}],"author":[{"embeddable":true,"href":"https:\/\/auseklitis.eu\/index.php?rest_route=\/wp\/v2\/users\/1"}],"replies":[{"embeddable":true,"href":"https:\/\/auseklitis.eu\/index.php?rest_route=%2Fwp%2Fv2%2Fcomments&post=8782"}],"version-history":[{"count":8,"href":"https:\/\/auseklitis.eu\/index.php?rest_route=\/wp\/v2\/pages\/8782\/revisions"}],"predecessor-version":[{"id":11663,"href":"https:\/\/auseklitis.eu\/index.php?rest_route=\/wp\/v2\/pages\/8782\/revisions\/11663"}],"wp:attachment":[{"href":"https:\/\/auseklitis.eu\/index.php?rest_route=%2Fwp%2Fv2%2Fmedia&parent=8782"}],"curies":[{"name":"wp","href":"https:\/\/api.w.org\/{rel}","templated":true}]}}