{"id":8777,"date":"2019-04-18T19:31:59","date_gmt":"2019-04-18T16:31:59","guid":{"rendered":"http:\/\/auseklitis.eu\/?page_id=8777"},"modified":"2023-11-15T20:00:41","modified_gmt":"2023-11-15T17:00:41","slug":"kartiba-par-vaditaja-un-pedagogu-ricibu-ja-tiek-konstateta-fiziska-vai-emocionala-vardarbiba-pret-izglitojamo","status":"publish","type":"page","link":"https:\/\/auseklitis.eu\/?page_id=8777","title":{"rendered":"K\u0101rt\u012bba par vad\u012bt\u0101ja un pedagogu r\u012bc\u012bbu, ja tiek konstat\u0113ta fiziska vai emocion\u0101la vardarb\u012bba pret izgl\u012btojamo"},"content":{"rendered":"\n<div data-wp-interactive=\"core\/file\" class=\"wp-block-file\"><object data-wp-bind--hidden=\"!state.hasPdfPreview\" hidden class=\"wp-block-file__embed\" data=\"https:\/\/auseklitis.eu\/wp-content\/uploads\/2023\/11\/KARTIBA-PAR-VADITAJA-UN-PEDAGOGU-RICIBU-JA-TIEK-KONSTATETA-FIZISKA-VAI-EMOCIONALA-VARDARBIBA-PRET-IZGLITOJAMO.pdf\" type=\"application\/pdf\" style=\"width:100%;height:600px\" aria-label=\"Iegult KARTIBA-PAR-VADITAJA-UN-PEDAGOGU-RICIBU-JA-TIEK-KONSTATETA-FIZISKA-VAI-EMOCIONALA-VARDARBIBA-PRET-IZGLITOJAMO.\"><\/object><a id=\"wp-block-file--media-0b8cab42-47ca-41d9-bc54-8ab42941ea41\" href=\"https:\/\/auseklitis.eu\/wp-content\/uploads\/2023\/11\/KARTIBA-PAR-VADITAJA-UN-PEDAGOGU-RICIBU-JA-TIEK-KONSTATETA-FIZISKA-VAI-EMOCIONALA-VARDARBIBA-PRET-IZGLITOJAMO.pdf\">KARTIBA-PAR-VADITAJA-UN-PEDAGOGU-RICIBU-JA-TIEK-KONSTATETA-FIZISKA-VAI-EMOCIONALA-VARDARBIBA-PRET-IZGLITOJAMO<\/a><a href=\"https:\/\/auseklitis.eu\/wp-content\/uploads\/2023\/11\/KARTIBA-PAR-VADITAJA-UN-PEDAGOGU-RICIBU-JA-TIEK-KONSTATETA-FIZISKA-VAI-EMOCIONALA-VARDARBIBA-PRET-IZGLITOJAMO.pdf\" class=\"wp-block-file__button wp-element-button\" download aria-describedby=\"wp-block-file--media-0b8cab42-47ca-41d9-bc54-8ab42941ea41\">Lejupiel\u0101d\u0113t<\/a><\/div>\n","protected":false},"excerpt":{"rendered":"","protected":false},"author":1,"featured_media":0,"parent":0,"menu_order":0,"comment_status":"closed","ping_status":"closed","template":"","meta":{"footnotes":""},"class_list":["post-8777","page","type-page","status-publish","hentry"],"_links":{"self":[{"href":"https:\/\/auseklitis.eu\/index.php?rest_route=\/wp\/v2\/pages\/8777","targetHints":{"allow":["GET"]}}],"collection":[{"href":"https:\/\/auseklitis.eu\/index.php?rest_route=\/wp\/v2\/pages"}],"about":[{"href":"https:\/\/auseklitis.eu\/index.php?rest_route=\/wp\/v2\/types\/page"}],"author":[{"embeddable":true,"href":"https:\/\/auseklitis.eu\/index.php?rest_route=\/wp\/v2\/users\/1"}],"replies":[{"embeddable":true,"href":"https:\/\/auseklitis.eu\/index.php?rest_route=%2Fwp%2Fv2%2Fcomments&post=8777"}],"version-history":[{"count":6,"href":"https:\/\/auseklitis.eu\/index.php?rest_route=\/wp\/v2\/pages\/8777\/revisions"}],"predecessor-version":[{"id":11423,"href":"https:\/\/auseklitis.eu\/index.php?rest_route=\/wp\/v2\/pages\/8777\/revisions\/11423"}],"wp:attachment":[{"href":"https:\/\/auseklitis.eu\/index.php?rest_route=%2Fwp%2Fv2%2Fmedia&parent=8777"}],"curies":[{"name":"wp","href":"https:\/\/api.w.org\/{rel}","templated":true}]}}