{"id":8532,"date":"2019-03-17T20:47:54","date_gmt":"2019-03-17T17:47:54","guid":{"rendered":"http:\/\/auseklitis.eu\/?page_id=8532"},"modified":"2023-11-15T19:24:25","modified_gmt":"2023-11-15T16:24:25","slug":"4-2","status":"publish","type":"page","link":"https:\/\/auseklitis.eu\/?page_id=8532","title":{"rendered":"Izgl\u012bt\u012bbas iest\u0101des pedago\u0123isk\u0101s padomes reglaments"},"content":{"rendered":"\n<div data-wp-interactive=\"core\/file\" class=\"wp-block-file\"><object data-wp-bind--hidden=\"!state.hasPdfPreview\" hidden class=\"wp-block-file__embed\" data=\"https:\/\/auseklitis.eu\/wp-content\/uploads\/2023\/11\/Pedagogiskas-padomes-reglaments_12_09_2017.pdf\" type=\"application\/pdf\" style=\"width:100%;height:600px\" aria-label=\"Iegult Pedagogiskas-padomes-reglaments_12_09_2017.\"><\/object><a id=\"wp-block-file--media-b6ae4259-ef22-490b-bf07-9e0273cf0c3e\" href=\"https:\/\/auseklitis.eu\/wp-content\/uploads\/2023\/11\/Pedagogiskas-padomes-reglaments_12_09_2017.pdf\">Pedagogiskas-padomes-reglaments_12_09_2017<\/a><a href=\"https:\/\/auseklitis.eu\/wp-content\/uploads\/2023\/11\/Pedagogiskas-padomes-reglaments_12_09_2017.pdf\" class=\"wp-block-file__button wp-element-button\" download aria-describedby=\"wp-block-file--media-b6ae4259-ef22-490b-bf07-9e0273cf0c3e\">Lejupiel\u0101d\u0113t<\/a><\/div>\n","protected":false},"excerpt":{"rendered":"","protected":false},"author":1,"featured_media":0,"parent":0,"menu_order":0,"comment_status":"closed","ping_status":"closed","template":"","meta":{"footnotes":""},"class_list":["post-8532","page","type-page","status-publish","hentry"],"_links":{"self":[{"href":"https:\/\/auseklitis.eu\/index.php?rest_route=\/wp\/v2\/pages\/8532","targetHints":{"allow":["GET"]}}],"collection":[{"href":"https:\/\/auseklitis.eu\/index.php?rest_route=\/wp\/v2\/pages"}],"about":[{"href":"https:\/\/auseklitis.eu\/index.php?rest_route=\/wp\/v2\/types\/page"}],"author":[{"embeddable":true,"href":"https:\/\/auseklitis.eu\/index.php?rest_route=\/wp\/v2\/users\/1"}],"replies":[{"embeddable":true,"href":"https:\/\/auseklitis.eu\/index.php?rest_route=%2Fwp%2Fv2%2Fcomments&post=8532"}],"version-history":[{"count":6,"href":"https:\/\/auseklitis.eu\/index.php?rest_route=\/wp\/v2\/pages\/8532\/revisions"}],"predecessor-version":[{"id":11405,"href":"https:\/\/auseklitis.eu\/index.php?rest_route=\/wp\/v2\/pages\/8532\/revisions\/11405"}],"wp:attachment":[{"href":"https:\/\/auseklitis.eu\/index.php?rest_route=%2Fwp%2Fv2%2Fmedia&parent=8532"}],"curies":[{"name":"wp","href":"https:\/\/api.w.org\/{rel}","templated":true}]}}