{"id":7488,"date":"2018-09-14T20:16:37","date_gmt":"2018-09-14T17:16:37","guid":{"rendered":"http:\/\/auseklitis.eu\/?page_id=7488"},"modified":"2025-08-21T15:54:44","modified_gmt":"2025-08-21T12:54:44","slug":"gudru-nemu-padominu","status":"publish","type":"page","link":"https:\/\/auseklitis.eu\/?page_id=7488","title":{"rendered":"Gudru \u0146\u0113mu padomi\u0146u"},"content":{"rendered":"\n<h2 class=\"wp-block-heading has-text-align-center has-vivid-cyan-blue-color has-text-color has-x-large-font-size\">5-6 gadu vecuma grupa<\/h2>\n\n\n\n<p class=\"has-vivid-cyan-blue-color has-text-color has-medium-font-size\"><strong>Grup\u0101 \u201cGudru \u0146\u0113mu padomi\u0146u\u201d str\u0101d\u0101 pirmsskolas skolot\u0101jas: Inga Pumpure, Ruta Pli\u0137\u0113na un\u00a0 pirmsskolas skolot\u0101ja pal\u012bgs: Elga Maltauniece<\/strong><\/p>\n\n\n\n<p><\/p>\n","protected":false},"excerpt":{"rendered":"<p>5-6 gadu vecuma grupa Grup\u0101 \u201cGudru \u0146\u0113mu padomi\u0146u\u201d str\u0101d\u0101 pirmsskolas skolot\u0101jas: Inga Pumpure, Ruta Pli\u0137\u0113na un\u00a0 pirmsskolas skolot\u0101ja pal\u012bgs: Elga Maltauniece<\/p>\n","protected":false},"author":1,"featured_media":0,"parent":0,"menu_order":0,"comment_status":"closed","ping_status":"closed","template":"","meta":{"footnotes":""},"class_list":["post-7488","page","type-page","status-publish","hentry"],"_links":{"self":[{"href":"https:\/\/auseklitis.eu\/index.php?rest_route=\/wp\/v2\/pages\/7488","targetHints":{"allow":["GET"]}}],"collection":[{"href":"https:\/\/auseklitis.eu\/index.php?rest_route=\/wp\/v2\/pages"}],"about":[{"href":"https:\/\/auseklitis.eu\/index.php?rest_route=\/wp\/v2\/types\/page"}],"author":[{"embeddable":true,"href":"https:\/\/auseklitis.eu\/index.php?rest_route=\/wp\/v2\/users\/1"}],"replies":[{"embeddable":true,"href":"https:\/\/auseklitis.eu\/index.php?rest_route=%2Fwp%2Fv2%2Fcomments&post=7488"}],"version-history":[{"count":24,"href":"https:\/\/auseklitis.eu\/index.php?rest_route=\/wp\/v2\/pages\/7488\/revisions"}],"predecessor-version":[{"id":11685,"href":"https:\/\/auseklitis.eu\/index.php?rest_route=\/wp\/v2\/pages\/7488\/revisions\/11685"}],"wp:attachment":[{"href":"https:\/\/auseklitis.eu\/index.php?rest_route=%2Fwp%2Fv2%2Fmedia&parent=7488"}],"curies":[{"name":"wp","href":"https:\/\/api.w.org\/{rel}","templated":true}]}}