{"id":7444,"date":"2018-08-31T20:57:28","date_gmt":"2018-08-31T17:57:28","guid":{"rendered":"http:\/\/auseklitis.eu\/?page_id=7444"},"modified":"2024-09-05T07:44:08","modified_gmt":"2024-09-05T04:44:08","slug":"zakenu-grupa","status":"publish","type":"page","link":"https:\/\/auseklitis.eu\/?page_id=7444","title":{"rendered":"&#8220;Za\u0137\u0113ns&#8221;"},"content":{"rendered":"\n<h2 class=\"wp-block-heading has-text-align-center has-vivid-cyan-blue-color has-text-color has-x-large-font-size\">6-7 gadu vecuma grupa<\/h2>\n\n\n\n<p class=\"has-text-align-center has-vivid-cyan-blue-color has-text-color has-medium-font-size\"><strong>Grup\u0101 \u201cZa\u0137\u0113ns\u201d str\u0101d\u0101 pirmsskolas skolot\u0101jas: Aiva Kuharenko, Inese \u017d\u012bgure, skolot\u0101ja pal\u012bgs Liene Lazdi\u0146a<\/strong><\/p>\n\n\n\n<p><\/p>\n","protected":false},"excerpt":{"rendered":"<p>6-7 gadu vecuma grupa Grup\u0101 \u201cZa\u0137\u0113ns\u201d str\u0101d\u0101 pirmsskolas skolot\u0101jas: Aiva Kuharenko, Inese \u017d\u012bgure, skolot\u0101ja pal\u012bgs Liene Lazdi\u0146a<\/p>\n","protected":false},"author":1,"featured_media":0,"parent":7012,"menu_order":0,"comment_status":"closed","ping_status":"closed","template":"","meta":{"footnotes":""},"class_list":["post-7444","page","type-page","status-publish","hentry"],"_links":{"self":[{"href":"https:\/\/auseklitis.eu\/index.php?rest_route=\/wp\/v2\/pages\/7444","targetHints":{"allow":["GET"]}}],"collection":[{"href":"https:\/\/auseklitis.eu\/index.php?rest_route=\/wp\/v2\/pages"}],"about":[{"href":"https:\/\/auseklitis.eu\/index.php?rest_route=\/wp\/v2\/types\/page"}],"author":[{"embeddable":true,"href":"https:\/\/auseklitis.eu\/index.php?rest_route=\/wp\/v2\/users\/1"}],"replies":[{"embeddable":true,"href":"https:\/\/auseklitis.eu\/index.php?rest_route=%2Fwp%2Fv2%2Fcomments&post=7444"}],"version-history":[{"count":36,"href":"https:\/\/auseklitis.eu\/index.php?rest_route=\/wp\/v2\/pages\/7444\/revisions"}],"predecessor-version":[{"id":11555,"href":"https:\/\/auseklitis.eu\/index.php?rest_route=\/wp\/v2\/pages\/7444\/revisions\/11555"}],"up":[{"embeddable":true,"href":"https:\/\/auseklitis.eu\/index.php?rest_route=\/wp\/v2\/pages\/7012"}],"wp:attachment":[{"href":"https:\/\/auseklitis.eu\/index.php?rest_route=%2Fwp%2Fv2%2Fmedia&parent=7444"}],"curies":[{"name":"wp","href":"https:\/\/api.w.org\/{rel}","templated":true}]}}

&#8220;Zaķēns&#8221;

<h2 class="wp-block-heading has-text-align-center has-vivid-cyan-blue-color has-text-color has-x-large-font-size">6-7 gadu vecuma grupa</h2>



<p class="has-text-align-center has-vivid-cyan-blue-color has-text-color has-medium-font-size"><strong>Grupā “Zaķēns” strādā pirmsskolas skolotājas: Aiva Kuharenko, Inese Žīgure, skolotāja palīgs Liene Lazdiņa</strong></p>



<p></p>

<p>6-7 gadu vecuma grupa Grupā “Zaķēns” strādā pirmsskolas skolotājas: Aiva Kuharenko, Inese Žīgure, skolotāja palīgs Liene Lazdiņa</p>
