{"id":7440,"date":"2018-08-31T20:52:06","date_gmt":"2018-08-31T17:52:06","guid":{"rendered":"http:\/\/auseklitis.eu\/?page_id=7440"},"modified":"2025-08-21T15:48:59","modified_gmt":"2025-08-21T12:48:59","slug":"senisu-grupa","status":"publish","type":"page","link":"https:\/\/auseklitis.eu\/?page_id=7440","title":{"rendered":"&#8220;Zi\u0137eris&#8221;"},"content":{"rendered":"\n<p><\/p>\n\n\n\n<h2 class=\"wp-block-heading has-text-align-center has-vivid-cyan-blue-color has-text-color has-x-large-font-size\">3-4 gadu vecuma grupa<\/h2>\n\n\n\n<p class=\"has-vivid-cyan-blue-color has-text-color has-medium-font-size\"><strong>Grup\u0101 \u201cZi\u0137eris\u201d str\u0101d\u0101 pirmsskolas skolot\u0101jas: Lili\u0101na Logina, Anita Bombaka un\u00a0 pirmsskolas skolot\u0101ja pal\u012bgs: Laura Kivkuc\u0101ne<\/strong><\/p>\n\n\n\n<p><\/p>\n","protected":false},"excerpt":{"rendered":"<p>3-4 gadu vecuma grupa Grup\u0101 \u201cZi\u0137eris\u201d str\u0101d\u0101 pirmsskolas skolot\u0101jas: Lili\u0101na Logina, Anita Bombaka un\u00a0 pirmsskolas skolot\u0101ja pal\u012bgs: Laura Kivkuc\u0101ne<\/p>\n","protected":false},"author":1,"featured_media":0,"parent":7012,"menu_order":0,"comment_status":"closed","ping_status":"closed","template":"","meta":{"footnotes":""},"class_list":["post-7440","page","type-page","status-publish","hentry"],"_links":{"self":[{"href":"https:\/\/auseklitis.eu\/index.php?rest_route=\/wp\/v2\/pages\/7440","targetHints":{"allow":["GET"]}}],"collection":[{"href":"https:\/\/auseklitis.eu\/index.php?rest_route=\/wp\/v2\/pages"}],"about":[{"href":"https:\/\/auseklitis.eu\/index.php?rest_route=\/wp\/v2\/types\/page"}],"author":[{"embeddable":true,"href":"https:\/\/auseklitis.eu\/index.php?rest_route=\/wp\/v2\/users\/1"}],"replies":[{"embeddable":true,"href":"https:\/\/auseklitis.eu\/index.php?rest_route=%2Fwp%2Fv2%2Fcomments&post=7440"}],"version-history":[{"count":22,"href":"https:\/\/auseklitis.eu\/index.php?rest_route=\/wp\/v2\/pages\/7440\/revisions"}],"predecessor-version":[{"id":11681,"href":"https:\/\/auseklitis.eu\/index.php?rest_route=\/wp\/v2\/pages\/7440\/revisions\/11681"}],"up":[{"embeddable":true,"href":"https:\/\/auseklitis.eu\/index.php?rest_route=\/wp\/v2\/pages\/7012"}],"wp:attachment":[{"href":"https:\/\/auseklitis.eu\/index.php?rest_route=%2Fwp%2Fv2%2Fmedia&parent=7440"}],"curies":[{"name":"wp","href":"https:\/\/api.w.org\/{rel}","templated":true}]}}

&#8220;Ziķeris&#8221;

<p></p>



<h2 class="wp-block-heading has-text-align-center has-vivid-cyan-blue-color has-text-color has-x-large-font-size">3-4 gadu vecuma grupa</h2>



<p class="has-vivid-cyan-blue-color has-text-color has-medium-font-size"><strong>Grupā “Ziķeris” strādā pirmsskolas skolotājas: Liliāna Logina, Anita Bombaka un  pirmsskolas skolotāja palīgs: Laura Kivkucāne</strong></p>



<p></p>

<p>3-4 gadu vecuma grupa Grupā “Ziķeris” strādā pirmsskolas skolotājas: Liliāna Logina, Anita Bombaka un  pirmsskolas skolotāja palīgs: Laura Kivkucāne</p>
