{"id":7432,"date":"2018-08-31T20:45:37","date_gmt":"2018-08-31T17:45:37","guid":{"rendered":"http:\/\/auseklitis.eu\/?page_id=7432"},"modified":"2024-09-05T07:43:22","modified_gmt":"2024-09-05T04:43:22","slug":"saulites-grupa","status":"publish","type":"page","link":"https:\/\/auseklitis.eu\/?page_id=7432","title":{"rendered":"&#8220;Saul\u012bte&#8221;"},"content":{"rendered":"\n<p><\/p>\n\n\n\n<div class=\"wp-block-group is-vertical is-layout-flex wp-container-core-group-is-layout-8cf370e7 wp-block-group-is-layout-flex\">\n<h2 class=\"wp-block-heading has-x-large-font-size\">         <mark style=\"background-color:rgba(0, 0, 0, 0)\" class=\"has-inline-color has-vivid-green-cyan-color\">1-2 gadu vecuma grupa<\/mark><\/h2>\n\n\n\n<p class=\"has-medium-font-size\"><strong><mark style=\"background-color:rgba(0, 0, 0, 0)\" class=\"has-inline-color has-vivid-green-cyan-color\">Grup\u0101 \u201cSaul\u012bte\u201d str\u0101d\u0101 pirmsskolas skolot\u0101jas: Gunta Kr\u016bmi\u0146a, Ineta Drozdova, pirmsskolas skolot\u0101ja pal\u012bgs: Jev\u0123\u0113nija Ro\u017eina, auklis Irita Pilsneniece<\/mark><\/strong>.<\/p>\n<\/div>\n","protected":false},"excerpt":{"rendered":"<p>1-2 gadu vecuma grupa Grup\u0101 \u201cSaul\u012bte\u201d str\u0101d\u0101 pirmsskolas skolot\u0101jas: Gunta Kr\u016bmi\u0146a, Ineta Drozdova, pirmsskolas skolot\u0101ja pal\u012bgs: Jev\u0123\u0113nija Ro\u017eina, auklis Irita Pilsneniece.<\/p>\n","protected":false},"author":1,"featured_media":0,"parent":7012,"menu_order":0,"comment_status":"closed","ping_status":"closed","template":"","meta":{"footnotes":""},"class_list":["post-7432","page","type-page","status-publish","hentry"],"_links":{"self":[{"href":"https:\/\/auseklitis.eu\/index.php?rest_route=\/wp\/v2\/pages\/7432","targetHints":{"allow":["GET"]}}],"collection":[{"href":"https:\/\/auseklitis.eu\/index.php?rest_route=\/wp\/v2\/pages"}],"about":[{"href":"https:\/\/auseklitis.eu\/index.php?rest_route=\/wp\/v2\/types\/page"}],"author":[{"embeddable":true,"href":"https:\/\/auseklitis.eu\/index.php?rest_route=\/wp\/v2\/users\/1"}],"replies":[{"embeddable":true,"href":"https:\/\/auseklitis.eu\/index.php?rest_route=%2Fwp%2Fv2%2Fcomments&post=7432"}],"version-history":[{"count":24,"href":"https:\/\/auseklitis.eu\/index.php?rest_route=\/wp\/v2\/pages\/7432\/revisions"}],"predecessor-version":[{"id":11693,"href":"https:\/\/auseklitis.eu\/index.php?rest_route=\/wp\/v2\/pages\/7432\/revisions\/11693"}],"up":[{"embeddable":true,"href":"https:\/\/auseklitis.eu\/index.php?rest_route=\/wp\/v2\/pages\/7012"}],"wp:attachment":[{"href":"https:\/\/auseklitis.eu\/index.php?rest_route=%2Fwp%2Fv2%2Fmedia&parent=7432"}],"curies":[{"name":"wp","href":"https:\/\/api.w.org\/{rel}","templated":true}]}}