{"id":7074,"date":"2018-03-20T21:24:56","date_gmt":"2018-03-20T18:24:56","guid":{"rendered":"http:\/\/auseklitis.eu\/?page_id=7074"},"modified":"2025-08-21T15:57:08","modified_gmt":"2025-08-21T12:57:08","slug":"abolisu-grupa","status":"publish","type":"page","link":"https:\/\/auseklitis.eu\/?page_id=7074","title":{"rendered":"&#8221;\u0100bol\u012btis&#8221;"},"content":{"rendered":"\n<p><\/p>\n\n\n\n<h2 class=\"wp-block-heading has-text-align-center has-vivid-cyan-blue-color has-text-color has-x-large-font-size\">6-7 gadu vecuma grupa<\/h2>\n\n\n\n<p class=\"has-text-align-center has-vivid-cyan-blue-color has-text-color has-medium-font-size\"><strong>Grup\u0101 \u201c\u0100bol\u012btis\u201d str\u0101d\u0101 pirmsskolas skolot\u0101jas: M\u0101r\u012bte \u0136emere, L\u012bga \u017dohova un\u00a0 pirmsskolas skolot\u0101ja pal\u012bgs: Solvita Laivi\u0146a<\/strong><\/p>\n\n\n\n<p><\/p>\n","protected":false},"excerpt":{"rendered":"<p>6-7 gadu vecuma grupa Grup\u0101 \u201c\u0100bol\u012btis\u201d str\u0101d\u0101 pirmsskolas skolot\u0101jas: M\u0101r\u012bte \u0136emere, L\u012bga \u017dohova un\u00a0 pirmsskolas skolot\u0101ja pal\u012bgs: Solvita Laivi\u0146a<\/p>\n","protected":false},"author":1,"featured_media":0,"parent":7012,"menu_order":0,"comment_status":"closed","ping_status":"closed","template":"","meta":{"footnotes":""},"class_list":["post-7074","page","type-page","status-publish","hentry"],"_links":{"self":[{"href":"https:\/\/auseklitis.eu\/index.php?rest_route=\/wp\/v2\/pages\/7074","targetHints":{"allow":["GET"]}}],"collection":[{"href":"https:\/\/auseklitis.eu\/index.php?rest_route=\/wp\/v2\/pages"}],"about":[{"href":"https:\/\/auseklitis.eu\/index.php?rest_route=\/wp\/v2\/types\/page"}],"author":[{"embeddable":true,"href":"https:\/\/auseklitis.eu\/index.php?rest_route=\/wp\/v2\/users\/1"}],"replies":[{"embeddable":true,"href":"https:\/\/auseklitis.eu\/index.php?rest_route=%2Fwp%2Fv2%2Fcomments&post=7074"}],"version-history":[{"count":33,"href":"https:\/\/auseklitis.eu\/index.php?rest_route=\/wp\/v2\/pages\/7074\/revisions"}],"predecessor-version":[{"id":11687,"href":"https:\/\/auseklitis.eu\/index.php?rest_route=\/wp\/v2\/pages\/7074\/revisions\/11687"}],"up":[{"embeddable":true,"href":"https:\/\/auseklitis.eu\/index.php?rest_route=\/wp\/v2\/pages\/7012"}],"wp:attachment":[{"href":"https:\/\/auseklitis.eu\/index.php?rest_route=%2Fwp%2Fv2%2Fmedia&parent=7074"}],"curies":[{"name":"wp","href":"https:\/\/api.w.org\/{rel}","templated":true}]}}

&#8221;Ābolītis&#8221;

<p></p>



<h2 class="wp-block-heading has-text-align-center has-vivid-cyan-blue-color has-text-color has-x-large-font-size">6-7 gadu vecuma grupa</h2>



<p class="has-text-align-center has-vivid-cyan-blue-color has-text-color has-medium-font-size"><strong>Grupā “Ābolītis” strādā pirmsskolas skolotājas: Mārīte Ķemere, Līga Žohova un  pirmsskolas skolotāja palīgs: Solvita Laiviņa</strong></p>



<p></p>

<p>6-7 gadu vecuma grupa Grupā “Ābolītis” strādā pirmsskolas skolotājas: Mārīte Ķemere, Līga Žohova un  pirmsskolas skolotāja palīgs: Solvita Laiviņa</p>
