{"id":15,"date":"2014-07-18T08:59:04","date_gmt":"2014-07-18T08:59:04","guid":{"rendered":"http:\/\/auseklitis.eu\/?page_id=15"},"modified":"2025-08-28T11:20:37","modified_gmt":"2025-08-28T08:20:37","slug":"par-mums","status":"publish","type":"page","link":"https:\/\/auseklitis.eu\/?page_id=15","title":{"rendered":"Par mums"},"content":{"rendered":"<h1><span style=\"color: #000000;\"><strong>Par mums<\/strong><\/span><\/h1>\n<p><span style=\"color: #000000;\"><strong>Gulbenes 3. pirmsskolas izgl\u012bt\u012bbas iest\u0101de \u2019\u2019Ausekl\u012btis\u2019\u2019 ir Gulbenes novada pa\u0161vald\u012bbas dibin\u0101ta un pak\u013caut\u012bb\u0101 eso\u0161a izgl\u012bt\u012bbas iest\u0101de. B\u0113rnud\u0101rzs nodots ekspluat\u0101cij\u0101 1988.gada novembr\u012b. Darb\u012bbu uzs\u0101cis 1989.gada 1. apr\u012bl\u012b. <\/strong><\/span><br \/>\n<span style=\"color: #000000;\"><strong>2025.\/2026. m\u0101c\u012bbu gad\u0101 pirmsskol\u0101 ir atv\u0113rtas un\u00a0 darbojas 10\u00a0 grupas. Izgl\u012bt\u012bbas iest\u0101di apmekl\u0113 199.<\/strong><\/span><br \/>\n<span style=\"color: #000000;\"><strong> Izgl\u012bt\u012bbas iest\u0101d\u0113 ar b\u0113rniem str\u0101d\u0101: 23 pirmsskolas skolot\u0101jas, 1 logop\u0113ds, speci\u0101l\u0101s izgl\u012bt\u012bbas skolot\u0101js, sporta skolot\u0101js, m\u016bzikas skolot\u0101js un b\u0113rnu masieris.<br \/>\n<\/strong><\/span><\/p>\n<p><span style=\"color: #000000;\">\u012astenojam:<\/span><br \/>\n<span style=\"color: #000000;\">pedagogu profesion\u0101l\u0101s pilnveides\u00a0 programmas(skat. sada\u013c\u0101 speci\u0101listi pied\u0101v\u0101),<\/span><br \/>\n<span style=\"color: #000000;\">starptautiskos un viet\u0113j\u0101 m\u0113roga projektus(skat. sada\u013c\u0101 projekti),<\/span><\/p>\n<p><span style=\"color: #000000;\"><b>V\u012bzija:<\/b> zin\u0101tk\u0101rs, dz\u012bvespriec\u012bgs, ieinteres\u0113ts b\u0113rns, kas darbojas ar prieku un aizraut\u012bbu, izpau\u017eas rado\u0161i, g\u016bst pieredzi par sevi un citiem, izzina apk\u0101rt\u0113jo pasauli un t\u0101s mijiedarb\u012bbu.<\/span><\/p>\n<p><span style=\"color: #000000;\"><b>Misija:<\/b> nodro\u0161in\u0101t katram b\u0113rnam piem\u0113rotu m\u0101c\u012bbu veidu un metodes, pozit\u012bv\u0101, labv\u0113l\u012bg\u0101 vid\u0113.<\/span><\/p>\n<p><span style=\"color: #000000;\"><b>V\u0113rt\u012bbas<\/b><b>: <\/b>l\u012bdzciet\u012bba, savald\u012bba, tolerance, drosme.<\/span><\/p>\n<p><span style=\"color: #000000;\"><strong>Pirmsskolas izgl\u012bt\u012bbas iest\u0101de 2024.\/2025.m.g. \u012bsteno:<br \/>\npirmsskolas izgl\u012bt\u012bbas programmu 01011111, <\/strong><strong>speci\u0101l\u0101s izgl\u012bt\u012bbas programmu izgl\u012btojamajiem ar valodas trauc\u0113jumiem 01015511, <\/strong><strong>speci\u0101l\u0101s pirmsskolas izgl\u012bt\u012bbas programmu izgl\u012btojamajiem ar jauktiem att\u012bst\u012bbas trauc\u0113jumiem 01015611, <\/strong><strong>speci\u0101l\u0101s pirmsskolas izgl\u012bt\u012bbas programmu izgl\u012btojamajiem ar gar\u012bg\u0101s att\u012bst\u012bbas trauc\u0113jumiem 01015811, speci\u0101l\u0101s izgl\u012bt\u012bbas programmu izgl\u012btojamiem ar smagiem gar\u012bg\u0101s att\u012bst\u012bbas trauc\u0113jumiem vai vair\u0101kiem smagiem att\u012bst\u012bbas trauc\u0113jumiem 01015911<br \/>\n<\/strong><\/span><\/p>\n<p><span style=\"color: #000000;\"><strong>Darba laiks no 7.00 \u2013 19.00<\/strong><\/span><\/p>\n<p><span style=\"color: #000000;\">Pirmsskolas izgl\u012bt\u012bbas iest\u0101de \u201cAusekl\u012btis\u201d nodro\u0161ina:<\/span><br \/>\n<span style=\"color: #000000;\"> 5 un 6 gad\u012bgo b\u0113rnu oblig\u0101to sagatavo\u0161anu pamatizgl\u012bt\u012bbas apguvei<\/span><br \/>\n<span style=\"color: #000000;\"> vispus\u012bgu b\u0113rnu fizisko, gar\u012bgo un psiholo\u0123isko att\u012bst\u012bbu<\/span><br \/>\n<span style=\"color: #000000;\"> rota\u013cas un pastaigas svaig\u0101 gais\u0101<\/span><br \/>\n<span style=\"color: #000000;\"> ekskursijas, sv\u0113tkus, jautrus pas\u0101kumus<\/span><br \/>\n<span style=\"color: #000000;\"> pirmsskolas programmas apguvi \u2013 \u00a0<a style=\"color: #000000;\" href=\"http:\/\/www.visc.gov.lv\/\">www.visc.gov.lv<\/a><\/span><br \/>\n<span style=\"color: #000000;\"> kvalific\u0113tu pedagogu r\u016bpes par j\u016bsu b\u0113rnu visas dienas garum\u0101<\/span><br \/>\n<span style=\"color: #000000;\"> vesel\u012bgu un gar\u0161\u012bgu \u0113din\u0101\u0161anu.<\/span><\/p>\n<p><span style=\"color: #000000;\">Trad\u012bcijas un sv\u0113tki<\/span><br \/>\n<span style=\"color: #000000;\"><strong><em> Zin\u012bbu diena<\/em><\/strong><\/span><br \/>\n<span style=\"color: #000000;\"><strong><em> T\u0113vu diena<\/em><\/strong><\/span><br \/>\n<span style=\"color: #000000;\"><strong><em> Rudens ra\u017eas sv\u0113tki \u2013 Mi\u0137e\u013ci<\/em><\/strong><\/span><br \/>\n<span style=\"color: #000000;\"><strong><em> M\u0101rti\u0146diena<\/em><\/strong><\/span><br \/>\n<span style=\"color: #000000;\"><strong><em> Ziemassv\u0113tki<\/em><\/strong><\/span><br \/>\n<span style=\"color: #000000;\"><strong><em> Mete\u0146i<\/em><\/strong><\/span><br \/>\n<span style=\"color: #000000;\"><strong><em> Pelnu diena<\/em><\/strong><\/span><br \/>\n<span style=\"color: #000000;\"><strong><em> Vecvec\u0101ku p\u0113cpusdienas<\/em><\/strong><\/span><br \/>\n<span style=\"color: #000000;\"><strong><em> Vakar\u0113\u0161anas un rado\u0161\u0101s darbn\u012bcas<\/em><\/strong><\/span><br \/>\n<span style=\"color: #000000;\"><strong><em> Pas\u0101kums \u201cMana tautas dziesma\u201d<\/em><\/strong><\/span><br \/>\n<span style=\"color: #000000;\"><strong><em> Pas\u0101kums 6-7 gad\u012bgo b\u0113rnu grup\u0101m\u00a0 \u201cAusekl\u012btis\u201d<\/em><\/strong><\/span><br \/>\n<span style=\"color: #000000;\"><strong><em> Lieldienas<\/em><\/strong><\/span><br \/>\n<span style=\"color: #000000;\"><strong><em> Latvijas dzim\u0161anas dienas\u00a0svin\u012bbas<\/em><\/strong><\/span><br \/>\n<span style=\"color: #000000;\"><strong><em> Pas\u0101kums 6-7 gad\u012bgo\u00a0\u00a0b\u0113rnu grup\u0101m \u201dBurti\u0146u sv\u0113tki\u201d<\/em><\/strong><\/span><br \/>\n<span style=\"color: #000000;\"><strong><em> 6-7 gad\u012bgo b\u0113rnu izlaidums<\/em><\/strong><\/span><br \/>\n<span style=\"color: #000000;\"><strong><em> 1.j\u016bnijs \u2013 Starptautisk\u0101s b\u0113rnu aizsardz\u012bbas dienai velt\u012bt\u0101s aktivit\u0101tes<\/em><\/strong><\/span><br \/>\n<span style=\"color: #000000;\"><strong><em> Vasaras saulgrie\u017ei<\/em><\/strong><\/span><\/p>\n<h4><\/h4>\n<h4><\/h4>\n","protected":false},"excerpt":{"rendered":"<p>Par mums Gulbenes 3. pirmsskolas izgl\u012bt\u012bbas iest\u0101de \u2019\u2019Ausekl\u012btis\u2019\u2019 ir Gulbenes novada pa\u0161vald\u012bbas dibin\u0101ta un pak\u013caut\u012bb\u0101 eso\u0161a izgl\u012bt\u012bbas iest\u0101de. B\u0113rnud\u0101rzs nodots ekspluat\u0101cij\u0101 1988.gada novembr\u012b. Darb\u012bbu uzs\u0101cis 1989.gada 1. apr\u012bl\u012b. 2025.\/2026. m\u0101c\u012bbu gad\u0101 pirmsskol\u0101 ir atv\u0113rtas un\u00a0 darbojas 10\u00a0 grupas. Izgl\u012bt\u012bbas iest\u0101di apmekl\u0113 199. Izgl\u012bt\u012bbas iest\u0101d\u0113 ar b\u0113rniem str\u0101d\u0101: 23 pirmsskolas skolot\u0101jas, 1 logop\u0113ds, speci\u0101l\u0101s izgl\u012bt\u012bbas skolot\u0101js,&#8230;<\/p>\n","protected":false},"author":1,"featured_media":0,"parent":0,"menu_order":0,"comment_status":"closed","ping_status":"closed","template":"","meta":{"footnotes":""},"class_list":["post-15","page","type-page","status-publish","hentry"],"_links":{"self":[{"href":"https:\/\/auseklitis.eu\/index.php?rest_route=\/wp\/v2\/pages\/15","targetHints":{"allow":["GET"]}}],"collection":[{"href":"https:\/\/auseklitis.eu\/index.php?rest_route=\/wp\/v2\/pages"}],"about":[{"href":"https:\/\/auseklitis.eu\/index.php?rest_route=\/wp\/v2\/types\/page"}],"author":[{"embeddable":true,"href":"https:\/\/auseklitis.eu\/index.php?rest_route=\/wp\/v2\/users\/1"}],"replies":[{"embeddable":true,"href":"https:\/\/auseklitis.eu\/index.php?rest_route=%2Fwp%2Fv2%2Fcomments&post=15"}],"version-history":[{"count":77,"href":"https:\/\/auseklitis.eu\/index.php?rest_route=\/wp\/v2\/pages\/15\/revisions"}],"predecessor-version":[{"id":11695,"href":"https:\/\/auseklitis.eu\/index.php?rest_route=\/wp\/v2\/pages\/15\/revisions\/11695"}],"wp:attachment":[{"href":"https:\/\/auseklitis.eu\/index.php?rest_route=%2Fwp%2Fv2%2Fmedia&parent=15"}],"curies":[{"name":"wp","href":"https:\/\/api.w.org\/{rel}","templated":true}]}}