{"id":11136,"date":"2023-05-26T10:27:57","date_gmt":"2023-05-26T07:27:57","guid":{"rendered":"https:\/\/auseklitis.eu\/?page_id=11136"},"modified":"2025-07-02T19:35:54","modified_gmt":"2025-07-02T16:35:54","slug":"pieklustamibas-pazinojums","status":"publish","type":"page","link":"https:\/\/auseklitis.eu\/?page_id=11136","title":{"rendered":"Piek\u013c\u016bstam\u012bbas pazi\u0146ojums"},"content":{"rendered":"\n<p class=\"has-large-font-size\"><strong>Piek\u013c\u016bstam\u012bbas pazi\u0146ojums<\/strong><\/p>\n\n\n\n<p>Public\u0113ts: 01.07.2025.<\/p>\n\n\n\n<p>Gulbenes 3.pirmsskolas izgl\u012bt\u012bbas iest\u0101de \u201cAusekl\u012btis\u201d saska\u0146\u0101 ar Ministru kabineta 2020. gada 14. j\u016blija noteikumiem Nr. 445&nbsp;<a href=\"https:\/\/likumi.lv\/ta\/id\/316109-kartiba-kada-iestades-ievieto-informaciju-interneta\" target=\"_blank\" rel=\"noreferrer noopener\"><u>&#8220;K\u0101rt\u012bba, k\u0101d\u0101 iest\u0101des ievieto inform\u0101ciju internet\u0101&#8221;<\/u><\/a>&nbsp;(turpm\u0101k \u2013 noteikumi Nr. 445) ap\u0146emas savu t\u012bmek\u013cvietni veidot piek\u013c\u016bstamu.<\/p>\n\n\n\n<p>\u0160is piek\u013c\u016bstam\u012bbas pazi\u0146ojums attiecas uz ofici\u0101l\u0101s statistikas t\u012bmek\u013cvietni- <a href=\"http:\/\/www.auseklitis.eu\/\">www.auseklitis.eu<\/a><\/p>\n\n\n\n<p>T\u012bmek\u013cvietnei veikts vienk\u0101r\u0161otais piek\u013c\u016bstam\u012bbas izv\u0113rt\u0113jums. Izmantot\u0101 metode &#8211; VARAM sagatavot\u0101s&nbsp;<a rel=\"noreferrer noopener\" href=\"https:\/\/www.varam.gov.lv\/lv\/wwwvaramgovlv\/lv\/pieklustamiba\" target=\"_blank\"><u>\u201cVadl\u012bnijas iest\u0101\u017eu t\u012bmek\u013cvietn\u0113m noteikto piek\u013c\u016bstam\u012bbas pras\u012bbu iev\u0113ro\u0161anas ietekmes izv\u0113rt\u0113\u0161anai un nesam\u0113r\u012bg\u0101 sloga pamato\u0161anai\u201d<\/u><\/a>.<\/p>\n\n\n\n<p><strong>Cik piek\u013c\u016bstama ir \u0161\u012b t\u012bmek\u013cvietne?<\/strong><br>Gulbenes 3.pirmsskolas izgl\u012bt\u012bbas iest\u0101de \u201cAusekl\u012btis\u201d t\u012bmek\u013cvietne [atbilst, neatbilst, da\u013c\u0113ji atbilst] atbilst noteikumiem Nr. 445 turpm\u0101k min\u0113to iemeslu d\u0113\u013c.<\/p>\n\n\n\n<p>Neatbilst\u012bba pras\u012bb\u0101m, kas min\u0113tas noteikumos Nr. 445:<\/p>\n\n\n\n<ul class=\"wp-block-list\">\n<li>landmarks neatpaz\u012bst lapas satura sada\u013cu<\/li>\n\n\n\n<li>p\u0101rvietojoties ar Tab netiek vizu\u0101li izcelts akt\u012bvais elements<\/li>\n\n\n\n<li>nav pievienotas att\u0113lu tekstu\u0101l\u0101 alternat\u012bva<\/li>\n<\/ul>\n\n\n\n<p> <a href=\"https:\/\/auseklitis.eu\/wp-content\/uploads\/2024\/05\/Ve\u0304rte\u0304jums.edoc\" data-type=\"URL\" data-id=\"https:\/\/auseklitis.eu\/wp-content\/uploads\/2023\/05\/Vertejums.docx\">Izv\u0113rt\u0113jumu apliecino\u0161s dokuments<\/a><\/p>\n\n\n\n<p><strong>Piek\u013c\u016bstam\u012bbas alternat\u012bvas<\/strong><br>Lai sa\u0146emtu saturu, kas \u0161obr\u012bd nav piek\u013c\u016bstams, cit\u0101 form\u0101t\u0101, pied\u0101v\u0101jam turpm\u0101k min\u0113t\u0101s alternat\u012bvas. Piek\u013c\u016bstam\u012bbas probl\u0113mas, kas saist\u012btas ar kontrastiem, pied\u0101v\u0101jam risin\u0101t, izmantojot k\u0101du no p\u0101rl\u016bka spraud\u0146iem: [ievietot inform\u0101ciju par to, k\u0101di spraud\u0146i ir pieejami un pal\u012bdz risin\u0101t konkr\u0113to neatbilst\u012bbu]\n\n\n\n<p><strong>Atsauksm\u0113m un sazi\u0146ai<\/strong><br>M\u0113s nep\u0101rtraukti cen\u0161amies uzlabot \u0161\u012bs t\u012bmek\u013cvietnes piek\u013c\u016bstam\u012bbu.<br>Ja J\u016bs konstat\u0113jat k\u0101das probl\u0113mas vai nepiln\u012bbas, kas nav min\u0113tas \u0161aj\u0101 pazi\u0146ojum\u0101, vai v\u0113laties sa\u0146emt nepiek\u013c\u016bstamo saturu cit\u0101 form\u0101t\u0101, sazinieties ar mums.<\/p>\n\n\n\n<p>E-pasts: <a href=\"mailto:pirmsskola3@gulbene.edu.lv\">pirmsskola3@gulbene.edu.lv<\/a><\/p>\n\n\n\n<p>T\u0101lrunis: +371 64473241<\/p>\n\n\n\n<p>Adrese: <a href=\"https:\/\/auseklitis.eu\/?page_id=19\">N\u0101kotnes 4, Gulbene, Gulbenes novads, LV-4401<\/a><\/p>\n\n\n\n<p>M\u0113s izskat\u012bsim J\u016bsu piepras\u012bjumu un sniegsim atbildi 7 dienu laik\u0101.<\/p>\n\n\n\n<p><strong>S\u016bdz\u012bbu iesnieg\u0161ana<\/strong><br>Par t\u012bmek\u013cvietnes piek\u013c\u016bstam\u012bbu m\u016bsu iest\u0101d\u0113 atbild\u012bga ir iest\u0101des vad\u012bt\u0101ja.<\/p>\n\n\n\n<p>T\u0101lrunis: +371 64473241<\/p>\n\n\n\n<p>E-pasts: <a href=\"mailto:pirmsskola3@gulbene.edu.lv\">pirmsskola3@gulbene.edu.lv<\/a><\/p>\n\n\n\n<p>Ja neesam atbilsto\u0161i rea\u0123\u0113ju\u0161i uz J\u016bsu iesniegumu vai s\u016bdz\u012bbu par t\u012bmek\u013cvietnes satura piek\u013c\u016bstam\u012bbu, Jums ir iesp\u0113ja iesniegt s\u016bdz\u012bbu Latvijas Republikas Ties\u012bbsargam.<\/p>\n\n\n\n<p>Adrese: Bazn\u012bcas iela 25, R\u012bga, LV-1010<\/p>\n\n\n\n<p>T\u0101lrunis: +371 67686768<\/p>\n\n\n\n<p>E-pasts: <a href=\"mailto:tiesibsargs@tiesibsargs.lv\">tiesibsargs@tiesibsargs.lv<\/a><\/p>\n\n\n\n<p><a href=\"https:\/\/www.tiesibsargs.lv\/lv\/pages\/kontaktinformacija\">https:\/\/www.tiesibsargs.lv\/lv\/pages\/kontaktinformacija<\/a><\/p>\n\n\n\n<p><strong>Zi\u0146as par pazi\u0146ojuma sagatavo\u0161anu.<\/strong><\/p>\n\n\n\n<p>\u0160is pazi\u0146ojums pirmo reizi tika sagatavots 26.05.2023.<br>\u0160is pazi\u0146ojums atk\u0101rtoti sagatavots 01.07.2025.<br>\u0160o pazi\u0146ojumu apstiprin\u0101ja Vija Pu\u0161\u0137e vad\u012bt\u0101ja.<\/p>\n","protected":false},"excerpt":{"rendered":"<p>Piek\u013c\u016bstam\u012bbas pazi\u0146ojums Public\u0113ts: 01.07.2025. Gulbenes 3.pirmsskolas izgl\u012bt\u012bbas iest\u0101de \u201cAusekl\u012btis\u201d saska\u0146\u0101 ar Ministru kabineta 2020. gada 14. j\u016blija noteikumiem Nr. 445&nbsp;&#8220;K\u0101rt\u012bba, k\u0101d\u0101 iest\u0101des ievieto inform\u0101ciju internet\u0101&#8221;&nbsp;(turpm\u0101k \u2013 noteikumi Nr. 445) ap\u0146emas savu t\u012bmek\u013cvietni veidot piek\u013c\u016bstamu. \u0160is piek\u013c\u016bstam\u012bbas pazi\u0146ojums attiecas uz ofici\u0101l\u0101s statistikas t\u012bmek\u013cvietni- www.auseklitis.eu T\u012bmek\u013cvietnei veikts vienk\u0101r\u0161otais piek\u013c\u016bstam\u012bbas izv\u0113rt\u0113jums. Izmantot\u0101 metode &#8211; VARAM sagatavot\u0101s&nbsp;\u201cVadl\u012bnijas iest\u0101\u017eu t\u012bmek\u013cvietn\u0113m&#8230;<\/p>\n","protected":false},"author":1,"featured_media":0,"parent":0,"menu_order":0,"comment_status":"closed","ping_status":"closed","template":"","meta":{"footnotes":""},"class_list":["post-11136","page","type-page","status-publish","hentry"],"_links":{"self":[{"href":"https:\/\/auseklitis.eu\/index.php?rest_route=\/wp\/v2\/pages\/11136","targetHints":{"allow":["GET"]}}],"collection":[{"href":"https:\/\/auseklitis.eu\/index.php?rest_route=\/wp\/v2\/pages"}],"about":[{"href":"https:\/\/auseklitis.eu\/index.php?rest_route=\/wp\/v2\/types\/page"}],"author":[{"embeddable":true,"href":"https:\/\/auseklitis.eu\/index.php?rest_route=\/wp\/v2\/users\/1"}],"replies":[{"embeddable":true,"href":"https:\/\/auseklitis.eu\/index.php?rest_route=%2Fwp%2Fv2%2Fcomments&post=11136"}],"version-history":[{"count":9,"href":"https:\/\/auseklitis.eu\/index.php?rest_route=\/wp\/v2\/pages\/11136\/revisions"}],"predecessor-version":[{"id":11666,"href":"https:\/\/auseklitis.eu\/index.php?rest_route=\/wp\/v2\/pages\/11136\/revisions\/11666"}],"wp:attachment":[{"href":"https:\/\/auseklitis.eu\/index.php?rest_route=%2Fwp%2Fv2%2Fmedia&parent=11136"}],"curies":[{"name":"wp","href":"https:\/\/api.w.org\/{rel}","templated":true}]}}